8 + 1782. What is the highest common factor of p and 122?
122
Let r(j) = -j**3 + 9*j**2 - 14*j + 4. Let g be r(7). Suppose 24 = g*x - 32. Let o(l) = -5*l - 1. Let d be o(-3). Calculate the highest common factor of x and d.
14
Let s(t) = -4*t**2 + 65*t + 189. Let n be s(0). Let k(c) = 22*c**2 - 1. Let f be k(-1). What is the highest common factor of f and n?
21
Let g be (0 - 0)*(0 - 1). Let v(t) = t**2 - t + 1. Let j be v(g). Let i be ((-7)/(4/4))/(-1). Calculate the greatest common divisor of j and i.
1
Suppose 8*w + 138 - 618 = 0. Calculate the greatest common divisor of 140 and w.
20
Suppose -87*l + 98*l = 110. Calculate the greatest common divisor of l and 250.
10
Suppose -94 = -17*i - 9. What is the greatest common divisor of i and 9?
1
Suppose 1459 = 42*d - 1775. What is the highest common divisor of d and 671?
11
Let y(j) = j**3 + 6*j**2 - 5*j + 7. Let l be y(-6). Let s = l + -22. Let f be (3 - (3 + -6))*20. Calculate the highest common divisor of f and s.
15
Suppose 4*d + 12*f - 62 = 10*f, 47 = 3*d + f. Calculate the highest common factor of 2 and d.
2
Let i be ((-292)/(-7))/(32/112). Let h be 2/3 - (-1)/(6/i). What is the highest common divisor of h and 275?
25
Suppose 25 = i + 4*i. Suppose -j = i*j + 324. Let d be (-20)/(-70) + j/(-7). Calculate the greatest common factor of 16 and d.
8
Let h be (-7 - -4) + 2 + 3. Suppose h*b - 3*g = 5, 2*b = -0*b + 2*g. Let t be (-235)/b + (0 - -1). What is the greatest common factor of 16 and t?
16
Let w = 923 - 737. Calculate the highest common factor of 124 and w.
62
Suppose -3*c - 3*r = -27, 1 - 25 = -5*c + 2*r. Calculate the greatest common factor of c and 762.
6
Let i be 2/(-7) - 60/(-14). Suppose -i*f + 3*f - 2*q + 10 = 0, 4*q + 60 = 2*f. What is the highest common divisor of f and 10?
10
Let s = -20 - 11. Let q = -25 - s. Suppose 0*p = -2*p + q. What is the highest common divisor of 3 and p?
3
Suppose 9 = -3*q + 4*q. Let n = -44 + 44. Let v be (4/(-12) + n)*0 + 36. What is the greatest common factor of v and q?
9
Let s = -9 + 14. Suppose 0 = s*c + o + 3*o - 60, -7 = -4*c + 5*o. What is the highest common factor of c and 136?
8
Let f = -3 - -8. Let g(y) = -y**3 + 6*y**2 - 5*y - 5. Let b be g(f). Let p(q) = -9*q - 3. Let d be p(b). What is the highest common factor of 14 and d?
14
Let g = -25 - -35. Suppose 4*l + 0*l = -2*j + 20, -j + l = -g. Calculate the highest common factor of 40 and j.
10
Let s = -146 - -230. Suppose -3*n = -4*y - 4*n + s, -2*y + 36 = -n. What is the greatest common divisor of y and 1?
1
Suppose -9 = -m + 5*z + 4, -52 = -4*m - 5*z. Let d(o) = -o**2 + 12*o + 31. Let a be d(m). Calculate the highest common divisor of 90 and a.
18
Let i be ((-12)/22)/(-3) + (-3528)/(-198). Calculate the highest common factor of i and 234.
18
Suppose -4*d - 9600 = -d. Let v be (-3)/7 + d/(-35). Calculate the highest common divisor of 13 and v.
13
Let t be ((-40)/(-32))/((-6)/(-24)). What is the greatest common factor of 3 and t?
1
Let p(y) = -1. Let g(f) = -26*f**2 + f + 4. Let i(t) = -g(t) - 4*p(t). Let j be i(1). What is the greatest common divisor of 15 and j?
5
Suppose 5*g + 180 = 11*g. Let n be (-3 - 0)*-1*5. Suppose -3*h - 3*i + 45 = 2*i, -h + n = -4*i. Calculate the highest common divisor of h and g.
15
Let k be 45 - (-5 + 3 - -3). Suppose 5*b = b + k. Calculate the greatest common divisor of b and 99.
11
Let f(b) = 2*b**2 + 4*b - 23. Let m be f(-5). Calculate the highest common factor of m and 63.
7
Let c(d) = -26*d - 6. Let f be c(-4). Let l = f + -54. Let i = l + -19. Calculate the greatest common divisor of i and 100.
25
Let h be (8 - (-528)/(-60))/(1/(-35)). What is the highest common divisor of 469 and h?
7
Suppose 2*i = i. Suppose i = 4*n - 358 + 70. Let g be (-2736)/(-112) + 6/(-14). Calculate the highest common factor of n and g.
24
Let u(s) = s**2 - 4*s + 9. Let i(f) = f - 1. Let j(a) = 6*i(a) + u(a). Let r be j(-5). Let n = 0 + r. Calculate the highest common divisor of n and 9.
9
Suppose 0 = 2*p + 4*u - 346, 5*p + 4*u - 700 = p. Suppose -h - 89 = -0*h. Let w = h + p. What is the highest common divisor of 8 and w?
8
Suppose -o = 5, -15*h = -19*h + 4*o + 1060. What is the greatest common factor of 52 and h?
52
Suppose -16*o - 15 = 49. Let v be -1 + (1 + -2)*-1. Let l = v - o. Calculate the greatest common divisor of 8 and l.
4
Let w be -4 + 5 - (-1 + 0). Suppose 3*n = -10 + 7. Let h be -1*134*n + w. Calculate the highest common factor of h and 17.
17
Suppose -134 = -2*g + 4*p, 8*p = 3*p - 25. Suppose -2*y - 54 = -4*o, 0*o - g = -4*o + y. What is the highest common factor of o and 135?
15
Let a be ((0 - -5) + 35/(-14))*4. Calculate the highest common divisor of 320 and a.
10
Let t be 7/28 - (-637)/28. Calculate the greatest common factor of 115 and t.
23
Let r = 770 - 759. Let p be 2/(-6) + (-265)/(-3). Calculate the highest common factor of p and r.
11
Let t(b) = 13*b**2 + 36*b + 15. Let o be t(-3). What is the highest common factor of 128 and o?
8
Let c = 23 + -3. Let x = 23 - c. Suppose 5*q - 35 = -x*j + 7, 0 = 3*q - j - 14. Calculate the greatest common factor of 24 and q.
6
Let v = 53 - 3. Let k = 96 - 76. Calculate the greatest common factor of v and k.
10
Let h(l) = 13*l - 13. Let o be h(7). Let r = 53 - o. Let g = r + 39. Calculate the highest common divisor of 70 and g.
14
Let w = -72 + 369. What is the greatest common factor of 11 and w?
11
Let t(n) = -2*n - 8. Let q be t(-8). Let i = -4 + q. Suppose 164 = 3*y - 4*o, i*y + 3*o = 213 + 39. Calculate the greatest common factor of 24 and y.
12
Suppose 4*o - 6 = 14. Suppose p + 2*p + 10 = o*t, -5*p - 8 = -4*t. Calculate the highest common divisor of 7 and t.
1
Let v = -26 - 128. Let d be (234/(-52))/(0 + 6/(-344)). Let w = v + d. What is the greatest common divisor of w and 13?
13
Let u be -6 + ((-11990)/(-308) - 2/(-28)). Suppose 5*g - 114 = 2*f, -2*g - f + 22 = -20. What is the greatest common factor of u and g?
11
Let p be 252/24*(5 - 3/9). What is the highest common divisor of 21 and p?
7
Let n(y) = -y**3 + 15*y**2 - 5*y - 36. Let v be n(12). Calculate the highest common divisor of v and 21.
21
Suppose -12*v = 10*v - 1100. What is the highest common divisor of 375 and v?
25
Suppose 4*p - 5*s + 89 = 0, 5*s = -p + s - 38. Let w = p + 44. Calculate the highest common divisor of w and 72.
18
Suppose -g = g - 3*z + 3, 37 = 2*g + 5*z. Suppose 0 = -5*l + 9*s - 6*s + 49, 31 = 5*l + 3*s. Calculate the highest common factor of g and l.
2
Let c be 11/(-4) + ((-30)/8)/(-5). Let g be 108*((-9)/(-18) + c/(-12)). What is the highest common divisor of 18 and g?
18
Let b(t) = t**3 - 16*t**2 - 16*t + 53. Let i be b(17). Calculate the highest common factor of 280 and i.
70
Suppose 65 = -t + i, t - 3*i + 95 = 20. Let d be (165/t)/(2/(-8)). What is the highest common divisor of d and 99?
11
Let b(f) = 6*f**2 - 50*f + 27. Let a be b(8). What is the greatest common divisor of a and 341?
11
Let s = 376 - 336. What is the highest common divisor of s and 392?
8
Suppose -3*g = 4*l - 513, g - 40 = -l + 131. Calculate the highest common factor of 19 and g.
19
Let k be 1 + 16*(-3)/3. Let i be 1*(k - (-1 - -1)). Let p = 28 + i. Calculate the highest common divisor of p and 26.
13
Let i = -213 - -422. Let a(m) = -4*m - 17. Let v be a(-10). Suppose v = 3*x - 34. What is the highest common factor of i and x?
19
Let j = 8 - 6. Let b be (-12 - -12) + 48/j. Suppose -3*t - 2*w + 5*w + 3 = 0, 0 = -3*w + 6. Calculate the greatest common factor of b and t.
3
Let t be ((-10)/3)/((-15)/45). Suppose -t - 17 = -3*l. What is the greatest common divisor of 1 and l?
1
Suppose -4*z - 2*o = -3*o - 241, z + 5*o = 55. Let r = -26 + z. Let f = r + -18. Calculate the greatest common divisor of 24 and f.
8
Let n(s) = 2*s**2 - 5*s - 1. Let r be n(4). Suppose -2*f - 45 + 283 = 0. Let m = -97 + f. What is the greatest common divisor of r and m?
11
Suppose -4*o + 33 = -23. Let c be (42/8)/(18/384). Calculate the highest common factor of o and c.
14
Suppose 0*s = -2*s - 18. Let h = 15 + s. Let m be 4 + 2 + (0 - (-2)/(-1)). Calculate the greatest common factor of m and h.
2
Let q(o) = 124*o + 748. Let g be q(-6). What is the greatest common divisor of g and 1224?
4
Let x be 2/7 + (-89)/(-7). Let s be (-114)/(-15) - (-2 + x/5). Let p(m) = -m**2 - 7*m + 1. Let o be p(-6). Ca